?
37cab6
In base 10, what is -11 - 898607?
-898618
In base 2, what is 10010001 + -10010110011001110111?
-10010110010111100110
In base 3, what is 11001110 - -1122221012?
1210222122
In base 13, what is 5 - -1a10825?
1a1082a
In base 13, what is 2 + 11193aa?
11193ac
In base 13, what is -42c8 + 199?
-412c
In base 3, what is -2211012 + -122112120?
-202100202
In base 5, what is -100244130 + 203?
-100243422
In base 4, what is 320012221 - 1203?
320011012
In base 15, what is 23 - -72718?
7273b
In base 5, what is -20244044401 + 2?
-20244044344
In base 12, what is -a6b06 - -35?
-a6a91
In base 5, what is 3023 + -30412041?
-30404013
In base 3, what is -122110011021 - 111202?
-122110200000
In base 2, what is 1110011111011111110000111 - 11?
1110011111011111110000100
In base 2, what is -10101100000010000100011 - 1001?
-10101100000010000101100
In base 16, what is 0 + -1e5ba9?
-1e5ba9
In base 9, what is -1 + -5716682?
-5716683
In base 6, what is 10411 + 224440?
235251
In base 4, what is -123112003132 - -10?
-123112003122
In base 16, what is -f0b + -41c3?
-50ce
In base 9, what is 2 - -44284680?
44284682
In base 3, what is 120122112110 - -101212?
120122221022
In base 6, what is -51130114 + -15?
-51130133
In base 8, what is 2016743203 + -4?
2016743177
In base 2, what is -1111100010000 - 10100000111111?
-100011101001111
In base 7, what is 531062 + 1023?
532115
In base 13, what is 3066723 + 5?
3066728
In base 3, what is -1002 + -112221021202?
-112221022211
In base 12, what is 12478320 + -5?
12478317
In base 14, what is -272 - 3bac5c?
-3bb0d0
In base 11, what is -293 - -11778?
11495
In base 2, what is -10011111010010001010111101 - -1?
-10011111010010001010111100
In base 13, what is -23aab3 - -2?
-23aab1
In base 15, what is -10 + 153e284?
153e274
In base 3, what is 0 - -21100211012100?
21100211012100
In base 13, what is -b9279 - -8?
-b9271
In base 4, what is 23102213010 + -1?
23102213003
In base 4, what is 103 - 300013223?
-300013120
In base 3, what is 21112010102 - 121021?
21111112011
In base 11, what is 327538 - -19?
327556
In base 7, what is -10500 + 242234?
231434
In base 6, what is 105544425 + -22?
105544403
In base 10, what is -1749 + -4451?
-6200
In base 10, what is 546029 + -15?
546014
In base 13, what is -7102b4 + -a?
-7102c1
In base 15, what is 22a1606 - 3?
22a1603
In base 5, what is -10342224110 + -2?
-10342224112
In base 5, what is 22413 + 3020423?
3043341
In base 4, what is -201323010332 - 1?
-201323010333
In base 11, what is 0 - 1638685?
-1638685
In base 6, what is -241434332 + 4?
-241434324
In base 13, what is 4 - -178321?
178325
In base 13, what is -b27 + -207c5?
-2161c
In base 4, what is -12 + -2020201320330?
-2020201321002
In base 5, what is 13033003342 + 302?
13033004144
In base 2, what is 0 - -1011100100110110111000111100?
1011100100110110111000111100
In base 8, what is 240 - -4350445?
4350705
In base 16, what is -290bd - 26?
-290e3
In base 5, what is -3441423 - 2004?
-3443432
In base 8, what is -127 + -40335?
-40464
In base 12, what is 11126 - -b5?
1121b
In base 8, what is 121 + -1575312?
-1575171
In base 9, what is 5 - 22748870?
-22748864
In base 11, what is 487 + -39637?
-39160
In base 6, what is 11250 + -1514524?
-1503234
In base 16, what is 9 + -8695f4?
-8695eb
In base 13, what is 356 + 97a?
1003
In base 15, what is 5b - -3b675c?
3b67b8
In base 3, what is 1101120010 + 200000101?
2001120111
In base 14, what is -4009a44 - -3?
-4009a41
In base 5, what is -1401444011 + 30?
-1401443431
In base 8, what is 4 - 16327036?
-16327032
In base 6, what is 13130420 - -14345?
13145205
In base 14, what is 28bb19d - -5?
28bb1a4
In base 7, what is 3356 + 1644525?
1651214
In base 12, what is 6343366 - -8?
6343372
In base 9, what is -5 + 1655377?
1655372
In base 6, what is -2 - -253233320?
253233314
In base 4, what is -220102110203 - -11?
-220102110132
In base 10, what is 363391 - 6?
363385
In base 8, what is -23 + 20222630?
20222605
In base 6, what is -15 + -30151441?
-30151500
In base 9, what is -30310 - -10131?
-20168
In base 5, what is -10 - 110444340?
-110444400
In base 5, what is -22 - -10414400113?
10414400041
In base 11, what is -16a472 - -653?
-16991a
In base 9, what is -87256 + -21500?
-118756
In base 7, what is 2 - -234163245?
234163250
In base 4, what is -13230 + 112313120?
112233230
In base 15, what is b49b44 + 10?
b49b54
In base 2, what is -110100111 + 1001101110110?
1000111001111
In base 7, what is -4133413 - -160?
-4133223
In base 6, what is -5 + 103010334?
103010325
In base 11, what is 4 - 66a215?
-66a211
In base 15, what is -4 + -8cadb?
-8cae0
In base 8, what is 46250 - 132653?
-64403
In base 13, what is -62a - -4bb5a?
4b530
In base 6, what is 15505423345 + -4?
15505423341
In base 8, what is 334263 + -44?
334217
In base 7, what is 26535 - 351561?
-322023
In base 4, what is -11322 + 101221032?
101203110
In base 6, what is -33 + 2112521351?
2112521314
In base 2, what is -1100101 + 101001100000000111001?
101001011111111010100
In base 8, what is 500 + -12045?
-11345
In base 7, what is -1546 + -1331401?
-1333250
In base 4, what is -223033 - -322223?
33130
In base 15, what is 0 + 49aeeb?
49aeeb
In base 6, what is 3132210350 + -1?
3132210345
In base 8, what is 6141637 - 26?
6141611
In base 3, what is -1 + 102021011210202121?
102021011210202120
In base 2, what is 111010110 + -110011111011?
-101100100101
In base 3, what is 2 - -2002211122120211?
2002211122120220
In base 8, what is 100175 + 1046?
101243
In base 13, what is 421 + -c34a8?
-c3087
In base 3, what is -1 + 1202212020012?
1202212020011
In base 6, what is 30 - -10325400?
10325430
In base 2, what is -1110110110100010011110101 + 10?
-1110110110100010011110011
In base 15, what is -226d9 - -caa?
-2192e
In base 4, what is 11 - -1230302012130?
1230302012201
In base 5, what is 24004334 - -32144?
24042033
In base 13, what is -160442b2 - -2?
-160442b0
In base 5, what is 123102230310 - 11?
123102230244
In base 10, what is -41160 - 960?
-42120
In base 2, what is -10000 + 1001111011011000111111?
1001111011011000101111
In base 12, what is 10354b - -29?
103578
In base 14, what is 13b7a731 + 0?
13b7a731
In base 7, what is 142 + -232146?
-232004
In base 9, what is -3 - -135252016?
135252013
In base 7, what is -525324 - 20536?
-546163
In base 15, what is -b8b0c5 - 13?
-b8b0d8
In base 2, what is -101000111 - 101101101000?
-110010101111
In base 3, what is 20112221010222 + 0?
20112221010222
In base 8, what is -3457277 + 6?
-3457271
In base 15, what is -1 + -4a21e?
-4a220
In base 9, what is -4 + -780482488?
-780482503
In base 7, what is -3 - -35313501?
35313465
In base 16, what is c30c4 + -36?
c308e
In base 13, what is -c + -c8286?
-c8295
In base 2, what is 11111100 - 10111100101?
-10011101001
In base 14, what is 4 - 3317771?
-331776b
In base 10, what is -10789 - -457?
-10332
In base 8, what is -4121371 - -47?
-4121322
In base 3, what is 122011 - -12200011220?
12200211001
In base 7, what is 53 + 13143050?
13143133
In base 2, what is -101000001001 + 111011010010001?
110110010001000
In base 16, what is -786e - 45c?
-7cca
In base 10, what is -120917078 + 2?
-120917076
In base 13, what is 153c4 - -103?
154c7
In base 12, what is 3 - -11773656?
11773659
In base 5, what is 11010 + 14334?
30344
In base 8, what is -12 + 277556?
277544
In base 14, what is -5849b82 - 2?
-5849b84
In base 9, what is 4352 + 35730?
41182
In base 3, what is -12 + 122221000211102212?
122221000211102200
In base 15, what is -3917 - a4c?
-4464
In base 12, what is -154275 + 12b?
-154146
In base 3, what is -21200120222 + 1202?
-21200112020
In base 2, what is 110101101111010000 + 100001?
110101101111110001
In base 11, what is 41a28 - 5492?
37546
In base 2, what is 10111111100100010011101 - -1?
10111111100100010011110
In base 3, what is 20000022100012 - -2000?
20000022102012
In base 14, what is -4 + -99da6?
-99daa
In base 14, what is -23c6cc5 - 1c?
-23c6d03
In base 16, what is 2 + 16134c0?
16134c2
In base 4, what is -1211103322 - 2?
-1211103330
In base 11, what is 10 + -433477?
-433467
In base 14, what is -2 - 1d71cb?
-1d71cd
In base 13, what is 4ca6b215 - -4?
4ca6b219
In base 6, what is -241033203 + 14?
-241033145
In base 4, what is -330 + 1300311313?
1300310323
In base 15, what is 2c - 3dba4?
-3db77
In base 12, what is -17739a3 - 4?
-17739a7
In base 15